{"id":296,"date":"2019-02-03T18:40:01","date_gmt":"2019-02-03T17:40:01","guid":{"rendered":"https:\/\/ho-pongo.bzh\/ar-roudouz\/?page_id=296"},"modified":"2020-05-07T11:48:30","modified_gmt":"2020-05-07T09:48:30","slug":"voyages","status":"publish","type":"page","link":"https:\/\/ho-pongo.bzh\/ar-roudouz\/voyages\/","title":{"rendered":"Les voyages"},"content":{"rendered":"\t\t<div data-elementor-type=\"wp-post\" data-elementor-id=\"296\" class=\"elementor elementor-296\" data-elementor-settings=\"[]\">\n\t\t\t\t\t\t<div class=\"elementor-inner\">\n\t\t\t\t\t\t\t<div class=\"elementor-section-wrap\">\n\t\t\t\t\t\t\t<section class=\"elementor-section elementor-top-section elementor-element elementor-element-d55a57b elementor-section-height-min-height elementor-section-items-top elementor-section-content-top elementor-section-boxed elementor-section-height-default\" data-id=\"d55a57b\" data-element_type=\"section\">\n\t\t\t\t\t\t<div class=\"elementor-container elementor-column-gap-default\">\n\t\t\t\t\t\t\t<div class=\"elementor-row\">\n\t\t\t\t\t<div class=\"elementor-column elementor-col-66 elementor-top-column elementor-element elementor-element-3c6b0af\" data-id=\"3c6b0af\" data-element_type=\"column\">\n\t\t\t<div class=\"elementor-column-wrap elementor-element-populated\">\n\t\t\t\t\t\t\t<div class=\"elementor-widget-wrap\">\n\t\t\t\t\t\t<div class=\"elementor-element elementor-element-ccc396a elementor-widget elementor-widget-heading\" data-id=\"ccc396a\" data-element_type=\"widget\" data-widget_type=\"heading.default\">\n\t\t\t\t<div class=\"elementor-widget-container\">\n\t\t\t<h1 class=\"elementor-heading-title elementor-size-default\">Les voyages<\/h1>\t\t<\/div>\n\t\t\t\t<\/div>\n\t\t\t\t<div class=\"elementor-element elementor-element-da1e3e4 elementor-widget elementor-widget-image\" data-id=\"da1e3e4\" data-element_type=\"widget\" data-widget_type=\"image.default\">\n\t\t\t\t<div class=\"elementor-widget-container\">\n\t\t\t\t\t<div class=\"elementor-image\">\n\t\t\t\t\t\t\t\t\t\t<img width=\"819\" height=\"208\" src=\"https:\/\/ho-pongo.bzh\/ar-roudouz\/wp-content\/uploads\/2020\/01\/slider-voyages01-1024x260.jpg\" class=\"attachment-large size-large\" alt=\"\" loading=\"lazy\" srcset=\"https:\/\/ho-pongo.bzh\/ar-roudouz\/wp-content\/uploads\/2020\/01\/slider-voyages01-1024x260.jpg 1024w, https:\/\/ho-pongo.bzh\/ar-roudouz\/wp-content\/uploads\/2020\/01\/slider-voyages01-300x76.jpg 300w, https:\/\/ho-pongo.bzh\/ar-roudouz\/wp-content\/uploads\/2020\/01\/slider-voyages01-768x195.jpg 768w, https:\/\/ho-pongo.bzh\/ar-roudouz\/wp-content\/uploads\/2020\/01\/slider-voyages01.jpg 1180w\" sizes=\"(max-width: 819px) 100vw, 819px\" \/>\t\t\t\t\t\t\t\t\t\t\t<\/div>\n\t\t\t\t<\/div>\n\t\t\t\t<\/div>\n\t\t\t\t<div class=\"elementor-element elementor-element-2cad289 elementor-widget elementor-widget-text-editor\" data-id=\"2cad289\" data-element_type=\"widget\" data-widget_type=\"text-editor.default\">\n\t\t\t\t<div class=\"elementor-widget-container\">\n\t\t\t\t\t<div class=\"elementor-text-editor elementor-clearfix\"><p>Bien des myst\u00e8res enveloppaient encore ces pays d&rsquo;Europe, quand je me d\u00e9cidais \u00e0 l&rsquo;automne 1989 de pr\u00e9parer un premier voyage de d\u00e9couverte. Un mois entier au printemps 1990 \u00e0 arpenter l&rsquo;Europe de l&rsquo;Est.\u00a0<\/p><p>Premier voyage au printemps 1990, quelques mois apr\u00e8s la \u00ab\u00a0r\u00e9volution\u00a0\u00bb de d\u00e9cembre 1989.<\/p><\/div>\n\t\t\t\t<\/div>\n\t\t\t\t<\/div>\n\t\t\t\t<div class=\"elementor-element elementor-element-0d07460 elementor-widget elementor-widget-wp-widget-nav_menu\" data-id=\"0d07460\" data-element_type=\"widget\" data-widget_type=\"wp-widget-nav_menu.default\">\n\t\t\t\t<div class=\"elementor-widget-container\">\n\t\t\t<h5>Passages et travers\u00e9es<\/h5><div class=\"menu-voyages-container\"><ul id=\"menu-voyages\" class=\"menu\"><li id=\"menu-item-4847\" class=\"menu-item menu-item-type-post_type menu-item-object-page menu-item-4847\"><a href=\"https:\/\/ho-pongo.bzh\/ar-roudouz\/voyages\/balt-orient-express-1990\/\">Balt-Orient Express, printemps 1990<\/a><\/li>\n<li id=\"menu-item-4846\" class=\"menu-item menu-item-type-post_type menu-item-object-page menu-item-4846\"><a href=\"https:\/\/ho-pongo.bzh\/ar-roudouz\/voyages\/balt-orient-express-12-1990\/\">Balt-Orient Express, <br> retour, hiver 1990-91<\/a><\/li>\n<li id=\"menu-item-669\" class=\"menu-item menu-item-type-post_type menu-item-object-page menu-item-669\"><a href=\"https:\/\/ho-pongo.bzh\/ar-roudouz\/voyages\/roumanie-2012\/\">Roumanie 2012<\/a><\/li>\n<li id=\"menu-item-670\" class=\"menu-item menu-item-type-post_type menu-item-object-page menu-item-670\"><a href=\"https:\/\/ho-pongo.bzh\/ar-roudouz\/voyages\/roumanie-2016\/\">Roumanie 2016<\/a><\/li>\n<li id=\"menu-item-744\" class=\"menu-item menu-item-type-post_type menu-item-object-page menu-item-744\"><a href=\"https:\/\/ho-pongo.bzh\/ar-roudouz\/voyages\/sur-la-route-de-sophia\/\">Sur la route de Sophia, 2018<\/a><\/li>\n<li id=\"menu-item-742\" class=\"menu-item menu-item-type-post_type menu-item-object-page menu-item-742\"><a href=\"https:\/\/ho-pongo.bzh\/ar-roudouz\/voyages\/roumanie-2019\/\">Roumanie, 2019<\/a><\/li>\n<\/ul><\/div>\t\t<\/div>\n\t\t\t\t<\/div>\n\t\t\t\t\t\t<\/div>\n\t\t\t\t\t<\/div>\n\t\t<\/div>\n\t\t\t\t<div class=\"elementor-column elementor-col-33 elementor-top-column elementor-element elementor-element-85c5f1d\" data-id=\"85c5f1d\" data-element_type=\"column\">\n\t\t\t<div class=\"elementor-column-wrap elementor-element-populated\">\n\t\t\t\t\t\t\t<div class=\"elementor-widget-wrap\">\n\t\t\t\t\t\t<div class=\"elementor-element elementor-element-bfa1633 elementor-widget elementor-widget-wp-widget-category-posts\" data-id=\"bfa1633\" data-element_type=\"widget\" data-widget_type=\"wp-widget-category-posts.default\">\n\t\t\t\t<div class=\"elementor-widget-container\">\n\t\t\t<h5>Les articles r\u00e9cents<\/h5><ul id=\"category-posts-REPLACE_TO_ID-internal\" class=\"category-posts-internal\">\n<li class='cat-post-item'><div><a class=\"cat-post-title\" href=\"https:\/\/ho-pongo.bzh\/ar-roudouz\/oradea-a-la-recherche-de-la-skyline\/\" rel=\"bookmark\">Oradea, <br>\u00e0 la recherche de la skyline<\/a>\r<\/div><div>\n<!--<a class=\"cat-post-thumbnail cat-post-none\" href=\"https:\/\/ho-pongo.bzh\/ar-roudouz\/oradea-a-la-recherche-de-la-skyline\/\" title=\"Oradea, \u00e0 la recherche de la skyline\"><span class=\"cat-post-crop cat-post-format cat-post-format-standard\"><img width=\"150\" height=\"150\" src=\"https:\/\/ho-pongo.bzh\/ar-roudouz\/wp-content\/uploads\/2024\/06\/skyline-01.jpg\" class=\"attachment-150x150x1x151x151 size-150x150x1x151x151 wp-post-image\" alt=\"\" loading=\"lazy\" data-cat-posts-width=\"150\" data-cat-posts-height=\"150\" srcset=\"https:\/\/ho-pongo.bzh\/ar-roudouz\/wp-content\/uploads\/2024\/06\/skyline-01.jpg 800w, https:\/\/ho-pongo.bzh\/ar-roudouz\/wp-content\/uploads\/2024\/06\/skyline-01-300x201.jpg 300w, https:\/\/ho-pongo.bzh\/ar-roudouz\/wp-content\/uploads\/2024\/06\/skyline-01-768x514.jpg 768w, https:\/\/ho-pongo.bzh\/ar-roudouz\/wp-content\/uploads\/2024\/06\/skyline-01-350x234.jpg 350w\" sizes=\"(max-width: 150px) 100vw, 150px\" \/><\/span><\/a>--><\/div><\/li><li class='cat-post-item'><div><a class=\"cat-post-title\" href=\"https:\/\/ho-pongo.bzh\/ar-roudouz\/la-synagogue-neologue-sion-oradea\/\" rel=\"bookmark\">La synagogue Neologue Sion <br>d&rsquo;Oradea<\/a>\r<\/div><div>\n<!--<a class=\"cat-post-thumbnail cat-post-none\" href=\"https:\/\/ho-pongo.bzh\/ar-roudouz\/la-synagogue-neologue-sion-oradea\/\" title=\"La synagogue Neologue Sion d&rsquo;Oradea\"><span class=\"cat-post-crop cat-post-format cat-post-format-standard\"><img width=\"150\" height=\"150\" src=\"https:\/\/ho-pongo.bzh\/ar-roudouz\/wp-content\/uploads\/2024\/06\/synagogue-08.jpg\" class=\"attachment-150x150x1x151x151 size-150x150x1x151x151 wp-post-image\" alt=\"Synagogue n\u00e9ologue d&#039;Oradea.\" loading=\"lazy\" data-cat-posts-width=\"150\" data-cat-posts-height=\"150\" srcset=\"https:\/\/ho-pongo.bzh\/ar-roudouz\/wp-content\/uploads\/2024\/06\/synagogue-08.jpg 800w, https:\/\/ho-pongo.bzh\/ar-roudouz\/wp-content\/uploads\/2024\/06\/synagogue-08-300x201.jpg 300w, https:\/\/ho-pongo.bzh\/ar-roudouz\/wp-content\/uploads\/2024\/06\/synagogue-08-768x514.jpg 768w, https:\/\/ho-pongo.bzh\/ar-roudouz\/wp-content\/uploads\/2024\/06\/synagogue-08-350x234.jpg 350w\" sizes=\"(max-width: 150px) 100vw, 150px\" \/><\/span><\/a>--><\/div><\/li><li class='cat-post-item'><div><a class=\"cat-post-title\" href=\"https:\/\/ho-pongo.bzh\/ar-roudouz\/strada-lipscani-nr-21\/\" rel=\"bookmark\">Strada Lipscani, nr 21<\/a>\r<\/div><div>\n<!--<a class=\"cat-post-thumbnail cat-post-none\" href=\"https:\/\/ho-pongo.bzh\/ar-roudouz\/strada-lipscani-nr-21\/\" title=\"Strada Lipscani, nr 21\"><span class=\"cat-post-crop cat-post-format cat-post-format-standard\"><img width=\"150\" height=\"150\" src=\"https:\/\/ho-pongo.bzh\/ar-roudouz\/wp-content\/uploads\/2023\/10\/P9258794-600x600.jpg\" class=\"attachment-150x150x1x151x151 size-150x150x1x151x151 wp-post-image\" alt=\"\" loading=\"lazy\" data-cat-posts-width=\"150\" data-cat-posts-height=\"150\" srcset=\"https:\/\/ho-pongo.bzh\/ar-roudouz\/wp-content\/uploads\/2023\/10\/P9258794-600x600.jpg 600w, https:\/\/ho-pongo.bzh\/ar-roudouz\/wp-content\/uploads\/2023\/10\/P9258794-150x150.jpg 150w\" sizes=\"(max-width: 150px) 100vw, 150px\" \/><\/span><\/a>--><\/div><\/li><\/ul>\n\t\t<\/div>\n\t\t\t\t<\/div>\n\t\t\t\t\t\t<\/div>\n\t\t\t\t\t<\/div>\n\t\t<\/div>\n\t\t\t\t\t\t\t\t<\/div>\n\t\t\t\t\t<\/div>\n\t\t<\/section>\n\t\t\t\t\t\t<\/div>\n\t\t\t\t\t\t<\/div>\n\t\t\t\t\t<\/div>\n\t\t","protected":false},"excerpt":{"rendered":"<p>Les voyages Bien des myst\u00e8res enveloppaient encore ces pays d&rsquo;Europe, quand je me d\u00e9cidais \u00e0 l&rsquo;automne 1989 de pr\u00e9parer un premier voyage de d\u00e9couverte. Un [&hellip;]<\/p>\n","protected":false},"author":1,"featured_media":798,"parent":0,"menu_order":0,"comment_status":"closed","ping_status":"closed","template":"elementor_header_footer","meta":{"spay_email":""},"yoast_head":"<!-- This site is optimized with the Yoast SEO plugin v15.2.1 - https:\/\/yoast.com\/wordpress\/plugins\/seo\/ -->\n<title>Les voyages - Ar Roudouz<\/title>\n<meta name=\"robots\" content=\"index, follow, max-snippet:-1, max-image-preview:large, max-video-preview:-1\" \/>\n<link rel=\"canonical\" href=\"https:\/\/ho-pongo.bzh\/ar-roudouz\/voyages\/\" \/>\n<meta property=\"og:locale\" content=\"fr_FR\" \/>\n<meta property=\"og:type\" content=\"article\" \/>\n<meta property=\"og:title\" content=\"Les voyages - Ar Roudouz\" \/>\n<meta property=\"og:description\" content=\"Les voyages Bien des myst\u00e8res enveloppaient encore ces pays d&rsquo;Europe, quand je me d\u00e9cidais \u00e0 l&rsquo;automne 1989 de pr\u00e9parer un premier voyage de d\u00e9couverte. Un [&hellip;]\" \/>\n<meta property=\"og:url\" content=\"https:\/\/ho-pongo.bzh\/ar-roudouz\/voyages\/\" \/>\n<meta property=\"og:site_name\" content=\"Ar Roudouz\" \/>\n<meta property=\"article:modified_time\" content=\"2020-05-07T09:48:30+00:00\" \/>\n<meta property=\"og:image\" content=\"https:\/\/ho-pongo.bzh\/ar-roudouz\/wp-content\/uploads\/2020\/01\/slider-voyages01.jpg\" \/>\n\t<meta property=\"og:image:width\" content=\"1180\" \/>\n\t<meta property=\"og:image:height\" content=\"300\" \/>\n<meta name=\"twitter:card\" content=\"summary_large_image\" \/>\n<meta name=\"twitter:label1\" content=\"\u00c9crit par\">\n\t<meta name=\"twitter:data1\" content=\"Laurent\">\n\t<meta name=\"twitter:label2\" content=\"Dur\u00e9e de lecture est.\">\n\t<meta name=\"twitter:data2\" content=\"0 minute\">\n<script type=\"application\/ld+json\" class=\"yoast-schema-graph\">{\"@context\":\"https:\/\/schema.org\",\"@graph\":[{\"@type\":\"WebSite\",\"@id\":\"https:\/\/ho-pongo.bzh\/ar-roudouz\/#website\",\"url\":\"https:\/\/ho-pongo.bzh\/ar-roudouz\/\",\"name\":\"Ar Roudouz\",\"description\":\"Butinages, passages et travers\\u00e9es\",\"potentialAction\":[{\"@type\":\"SearchAction\",\"target\":\"https:\/\/ho-pongo.bzh\/ar-roudouz\/?s={search_term_string}\",\"query-input\":\"required name=search_term_string\"}],\"inLanguage\":\"fr-FR\"},{\"@type\":\"ImageObject\",\"@id\":\"https:\/\/ho-pongo.bzh\/ar-roudouz\/voyages\/#primaryimage\",\"inLanguage\":\"fr-FR\",\"url\":\"https:\/\/ho-pongo.bzh\/ar-roudouz\/wp-content\/uploads\/2020\/01\/slider-voyages01.jpg\",\"width\":1180,\"height\":300},{\"@type\":\"WebPage\",\"@id\":\"https:\/\/ho-pongo.bzh\/ar-roudouz\/voyages\/#webpage\",\"url\":\"https:\/\/ho-pongo.bzh\/ar-roudouz\/voyages\/\",\"name\":\"Les voyages - Ar Roudouz\",\"isPartOf\":{\"@id\":\"https:\/\/ho-pongo.bzh\/ar-roudouz\/#website\"},\"primaryImageOfPage\":{\"@id\":\"https:\/\/ho-pongo.bzh\/ar-roudouz\/voyages\/#primaryimage\"},\"datePublished\":\"2019-02-03T17:40:01+00:00\",\"dateModified\":\"2020-05-07T09:48:30+00:00\",\"inLanguage\":\"fr-FR\",\"potentialAction\":[{\"@type\":\"ReadAction\",\"target\":[\"https:\/\/ho-pongo.bzh\/ar-roudouz\/voyages\/\"]}]}]}<\/script>\n<!-- \/ Yoast SEO plugin. -->","_links":{"self":[{"href":"https:\/\/ho-pongo.bzh\/ar-roudouz\/wp-json\/wp\/v2\/pages\/296"}],"collection":[{"href":"https:\/\/ho-pongo.bzh\/ar-roudouz\/wp-json\/wp\/v2\/pages"}],"about":[{"href":"https:\/\/ho-pongo.bzh\/ar-roudouz\/wp-json\/wp\/v2\/types\/page"}],"author":[{"embeddable":true,"href":"https:\/\/ho-pongo.bzh\/ar-roudouz\/wp-json\/wp\/v2\/users\/1"}],"replies":[{"embeddable":true,"href":"https:\/\/ho-pongo.bzh\/ar-roudouz\/wp-json\/wp\/v2\/comments?post=296"}],"version-history":[{"count":0,"href":"https:\/\/ho-pongo.bzh\/ar-roudouz\/wp-json\/wp\/v2\/pages\/296\/revisions"}],"wp:featuredmedia":[{"embeddable":true,"href":"https:\/\/ho-pongo.bzh\/ar-roudouz\/wp-json\/wp\/v2\/media\/798"}],"wp:attachment":[{"href":"https:\/\/ho-pongo.bzh\/ar-roudouz\/wp-json\/wp\/v2\/media?parent=296"}],"curies":[{"name":"wp","href":"https:\/\/api.w.org\/{rel}","templated":true}]}}