{"id":690,"date":"2020-01-29T18:11:26","date_gmt":"2020-01-29T17:11:26","guid":{"rendered":"https:\/\/ho-pongo.bzh\/ar-roudouz\/?page_id=690"},"modified":"2020-05-07T11:53:59","modified_gmt":"2020-05-07T09:53:59","slug":"solitude-a-5-doigts","status":"publish","type":"page","link":"https:\/\/ho-pongo.bzh\/ar-roudouz\/urba\/solitude-a-5-doigts\/","title":{"rendered":"Solitude \u00e0 5 doigts"},"content":{"rendered":"\t\t<div data-elementor-type=\"wp-post\" data-elementor-id=\"690\" class=\"elementor elementor-690\" data-elementor-settings=\"[]\">\n\t\t\t\t\t\t<div class=\"elementor-inner\">\n\t\t\t\t\t\t\t<div class=\"elementor-section-wrap\">\n\t\t\t\t\t\t\t<section class=\"elementor-section elementor-top-section elementor-element elementor-element-879fef2 elementor-section-height-min-height elementor-section-items-top elementor-section-content-top elementor-section-boxed elementor-section-height-default\" data-id=\"879fef2\" data-element_type=\"section\">\n\t\t\t\t\t\t<div class=\"elementor-container elementor-column-gap-default\">\n\t\t\t\t\t\t\t<div class=\"elementor-row\">\n\t\t\t\t\t<div class=\"elementor-column elementor-col-100 elementor-top-column elementor-element elementor-element-dea7588\" data-id=\"dea7588\" data-element_type=\"column\">\n\t\t\t<div class=\"elementor-column-wrap elementor-element-populated\">\n\t\t\t\t\t\t\t<div class=\"elementor-widget-wrap\">\n\t\t\t\t\t\t<section class=\"elementor-section elementor-inner-section elementor-element elementor-element-c28b9c1 elementor-section-boxed elementor-section-height-default elementor-section-height-default\" data-id=\"c28b9c1\" data-element_type=\"section\">\n\t\t\t\t\t\t<div class=\"elementor-container elementor-column-gap-default\">\n\t\t\t\t\t\t\t<div class=\"elementor-row\">\n\t\t\t\t\t<div class=\"elementor-column elementor-col-66 elementor-inner-column elementor-element elementor-element-5c7d80b\" data-id=\"5c7d80b\" data-element_type=\"column\">\n\t\t\t<div class=\"elementor-column-wrap elementor-element-populated\">\n\t\t\t\t\t\t\t<div class=\"elementor-widget-wrap\">\n\t\t\t\t\t\t<div class=\"elementor-element elementor-element-2132c34 elementor-widget elementor-widget-image\" data-id=\"2132c34\" data-element_type=\"widget\" data-widget_type=\"image.default\">\n\t\t\t\t<div class=\"elementor-widget-container\">\n\t\t\t\t\t<div class=\"elementor-image\">\n\t\t\t\t\t\t\t\t\t\t<img width=\"819\" height=\"208\" src=\"https:\/\/ho-pongo.bzh\/ar-roudouz\/wp-content\/uploads\/2020\/01\/entree-solitude-01-1024x260.jpg\" class=\"attachment-large size-large\" alt=\"\" loading=\"lazy\" srcset=\"https:\/\/ho-pongo.bzh\/ar-roudouz\/wp-content\/uploads\/2020\/01\/entree-solitude-01-1024x260.jpg 1024w, https:\/\/ho-pongo.bzh\/ar-roudouz\/wp-content\/uploads\/2020\/01\/entree-solitude-01-300x76.jpg 300w, https:\/\/ho-pongo.bzh\/ar-roudouz\/wp-content\/uploads\/2020\/01\/entree-solitude-01-768x195.jpg 768w, https:\/\/ho-pongo.bzh\/ar-roudouz\/wp-content\/uploads\/2020\/01\/entree-solitude-01.jpg 1180w\" sizes=\"(max-width: 819px) 100vw, 819px\" \/>\t\t\t\t\t\t\t\t\t\t\t<\/div>\n\t\t\t\t<\/div>\n\t\t\t\t<\/div>\n\t\t\t\t<div class=\"elementor-element elementor-element-b33ecfc elementor-widget elementor-widget-heading\" data-id=\"b33ecfc\" data-element_type=\"widget\" data-widget_type=\"heading.default\">\n\t\t\t\t<div class=\"elementor-widget-container\">\n\t\t\t<h1 class=\"elementor-heading-title elementor-size-default\">Solitude \u00e0 5 doigts<\/h1>\t\t<\/div>\n\t\t\t\t<\/div>\n\t\t\t\t<div class=\"elementor-element elementor-element-4b96183 elementor-widget elementor-widget-html\" data-id=\"4b96183\" data-element_type=\"widget\" data-widget_type=\"html.default\">\n\t\t\t\t<div class=\"elementor-widget-container\">\n\t\t\t<img class=\"float-left\" src=\"https:\/\/ho-pongo.bzh\/ar-roudouz\/wp-content\/uploads\/2020\/01\/vign-sophia-02-2018-150x150.jpg\">\n<p>\n<strong>Restez unis... Comme les cinq doigts de la main ? Sauf que nous avons deux mains. L'autre peut dire merde \u00e0 l'une et partir de son propre chef et vivre sa vie. Elle est libre. <\/strong><\/p>\n<p>\nIl avait commenc\u00e9 \u00e0 neiger sur Paris une fin d'apr\u00e8s-midi de l'hiver 2010. Je rentrais \u00e0 pied des Halles jusque la rue de Clignancourt.\n\nUn premier gant abandonn\u00e9 par un enfant, pos\u00e9 sur un banc, avait attir\u00e9 mon attention. Puis un deuxi\u00e8me, un troisi\u00e8me...<\/p>\n<p>\nCe n'\u00e9tait pas un signe. C'\u00e9tait juste une balise, avant que je ne r\u00e9alise. On oublie la rudeur des hivers pass\u00e9s comme on oublie un gant sur le trottoir.<\/p>\n<p>\nArpenter les rues de Paris \u00e9tait pour moi un loisir. Croiser des gens bloqu\u00e9s par la neige dans leur bagnole \u00e9tait un plaisir. Je ne descends pas souvent \u00e0 la \"capitale\" et les Parisiens ne descendent pas souvent du bus pour le pousser.<\/p>\n<p>\nIl avait neig\u00e9 sur Paris comme il a pu neiger sur Li\u00e8ges. La derni\u00e8re fois c'\u00e9tait quand ? Ni \u00e0 Caen, ni \u00e0 Gand. Mais depuis, je continue \u00e0 collectionner les gants. \n<\/p>\t\t<\/div>\n\t\t\t\t<\/div>\n\t\t\t\t\t\t<\/div>\n\t\t\t\t\t<\/div>\n\t\t<\/div>\n\t\t\t\t<div class=\"elementor-column elementor-col-33 elementor-inner-column elementor-element elementor-element-5c5149d\" data-id=\"5c5149d\" data-element_type=\"column\">\n\t\t\t<div class=\"elementor-column-wrap elementor-element-populated\">\n\t\t\t\t\t\t\t<div class=\"elementor-widget-wrap\">\n\t\t\t\t\t\t<div class=\"elementor-element elementor-element-5f8d9e0 elementor-widget elementor-widget-wp-widget-category-posts\" data-id=\"5f8d9e0\" data-element_type=\"widget\" data-widget_type=\"wp-widget-category-posts.default\">\n\t\t\t\t<div class=\"elementor-widget-container\">\n\t\t\t<h5>Les derni\u00e8res photos<\/h5><ul id=\"category-posts-REPLACE_TO_ID-internal\" class=\"category-posts-internal\">\n<li class='cat-post-item'><div><a class=\"cat-post-title\" href=\"https:\/\/ho-pongo.bzh\/ar-roudouz\/solitudes-a-5-doigts-2\/\" rel=\"bookmark\">Solitudes \u00e0 5 doigts #2<\/a>\r<\/div><div>\n<!----><\/div><\/li><li class='cat-post-item'><div><a class=\"cat-post-title\" href=\"https:\/\/ho-pongo.bzh\/ar-roudouz\/solitudes-a-5-doigts-3\/\" rel=\"bookmark\">Solitudes \u00e0 5 doigts #3<\/a>\r<\/div><div>\n<!--<a class=\"cat-post-thumbnail cat-post-none\" href=\"https:\/\/ho-pongo.bzh\/ar-roudouz\/solitudes-a-5-doigts-3\/\" title=\"Solitudes \u00e0 5 doigts #3\"><span class=\"cat-post-crop cat-post-format cat-post-format-standard\"><img width=\"150\" height=\"150\" src=\"https:\/\/ho-pongo.bzh\/ar-roudouz\/wp-content\/uploads\/2020\/02\/DSCN4506-300x300.jpg\" class=\"attachment-150x150x1x151x151 size-150x150x1x151x151 wp-post-image\" alt=\"\" loading=\"lazy\" data-cat-posts-width=\"150\" data-cat-posts-height=\"150\" srcset=\"https:\/\/ho-pongo.bzh\/ar-roudouz\/wp-content\/uploads\/2020\/02\/DSCN4506.jpg 300w, https:\/\/ho-pongo.bzh\/ar-roudouz\/wp-content\/uploads\/2020\/02\/DSCN4506-150x150.jpg 150w\" sizes=\"(max-width: 150px) 100vw, 150px\" \/><\/span><\/a>--><\/div><\/li><li class='cat-post-item'><div><a class=\"cat-post-title\" href=\"https:\/\/ho-pongo.bzh\/ar-roudouz\/solitudes-a-5-doigts\/\" rel=\"bookmark\">Solitudes \u00e0 5 doigts #1<\/a>\r<\/div><div>\n<!----><\/div><\/li><\/ul>\n\t\t<\/div>\n\t\t\t\t<\/div>\n\t\t\t\t\t\t<\/div>\n\t\t\t\t\t<\/div>\n\t\t<\/div>\n\t\t\t\t\t\t\t\t<\/div>\n\t\t\t\t\t<\/div>\n\t\t<\/section>\n\t\t\t\t\t\t<\/div>\n\t\t\t\t\t<\/div>\n\t\t<\/div>\n\t\t\t\t\t\t\t\t<\/div>\n\t\t\t\t\t<\/div>\n\t\t<\/section>\n\t\t\t\t\t\t<\/div>\n\t\t\t\t\t\t<\/div>\n\t\t\t\t\t<\/div>\n\t\t","protected":false},"excerpt":{"rendered":"<p>Solitude \u00e0 5 doigts Restez unis&#8230; Comme les cinq doigts de la main ? Sauf que nous avons deux mains. L&rsquo;autre peut dire merde \u00e0 [&hellip;]<\/p>\n","protected":false},"author":1,"featured_media":0,"parent":282,"menu_order":0,"comment_status":"closed","ping_status":"closed","template":"elementor_header_footer","meta":{"spay_email":""},"yoast_head":"<!-- This site is optimized with the Yoast SEO plugin v15.2.1 - https:\/\/yoast.com\/wordpress\/plugins\/seo\/ -->\n<title>Solitude \u00e0 5 doigts - Ar Roudouz<\/title>\n<meta name=\"robots\" content=\"index, follow, max-snippet:-1, max-image-preview:large, max-video-preview:-1\" \/>\n<link rel=\"canonical\" href=\"https:\/\/ho-pongo.bzh\/ar-roudouz\/urba\/solitude-a-5-doigts\/\" \/>\n<meta property=\"og:locale\" content=\"fr_FR\" \/>\n<meta property=\"og:type\" content=\"article\" \/>\n<meta property=\"og:title\" content=\"Solitude \u00e0 5 doigts - Ar Roudouz\" \/>\n<meta property=\"og:description\" content=\"Solitude \u00e0 5 doigts Restez unis&#8230; Comme les cinq doigts de la main ? Sauf que nous avons deux mains. L&rsquo;autre peut dire merde \u00e0 [&hellip;]\" \/>\n<meta property=\"og:url\" content=\"https:\/\/ho-pongo.bzh\/ar-roudouz\/urba\/solitude-a-5-doigts\/\" \/>\n<meta property=\"og:site_name\" content=\"Ar Roudouz\" \/>\n<meta property=\"article:modified_time\" content=\"2020-05-07T09:53:59+00:00\" \/>\n<meta property=\"og:image\" content=\"https:\/\/ho-pongo.bzh\/ar-roudouz\/wp-content\/uploads\/2020\/01\/entree-solitude-01-1024x260.jpg\" \/>\n<meta name=\"twitter:card\" content=\"summary_large_image\" \/>\n<meta name=\"twitter:label1\" content=\"\u00c9crit par\">\n\t<meta name=\"twitter:data1\" content=\"Laurent\">\n\t<meta name=\"twitter:label2\" content=\"Dur\u00e9e de lecture est.\">\n\t<meta name=\"twitter:data2\" content=\"1 minute\">\n<script type=\"application\/ld+json\" class=\"yoast-schema-graph\">{\"@context\":\"https:\/\/schema.org\",\"@graph\":[{\"@type\":\"WebSite\",\"@id\":\"https:\/\/ho-pongo.bzh\/ar-roudouz\/#website\",\"url\":\"https:\/\/ho-pongo.bzh\/ar-roudouz\/\",\"name\":\"Ar Roudouz\",\"description\":\"Butinages, passages et travers\\u00e9es\",\"potentialAction\":[{\"@type\":\"SearchAction\",\"target\":\"https:\/\/ho-pongo.bzh\/ar-roudouz\/?s={search_term_string}\",\"query-input\":\"required name=search_term_string\"}],\"inLanguage\":\"fr-FR\"},{\"@type\":\"ImageObject\",\"@id\":\"https:\/\/ho-pongo.bzh\/ar-roudouz\/urba\/solitude-a-5-doigts\/#primaryimage\",\"inLanguage\":\"fr-FR\",\"url\":\"https:\/\/ho-pongo.bzh\/ar-roudouz\/wp-content\/uploads\/2020\/01\/entree-solitude-01.jpg\",\"width\":1180,\"height\":300},{\"@type\":\"WebPage\",\"@id\":\"https:\/\/ho-pongo.bzh\/ar-roudouz\/urba\/solitude-a-5-doigts\/#webpage\",\"url\":\"https:\/\/ho-pongo.bzh\/ar-roudouz\/urba\/solitude-a-5-doigts\/\",\"name\":\"Solitude \\u00e0 5 doigts - Ar Roudouz\",\"isPartOf\":{\"@id\":\"https:\/\/ho-pongo.bzh\/ar-roudouz\/#website\"},\"primaryImageOfPage\":{\"@id\":\"https:\/\/ho-pongo.bzh\/ar-roudouz\/urba\/solitude-a-5-doigts\/#primaryimage\"},\"datePublished\":\"2020-01-29T17:11:26+00:00\",\"dateModified\":\"2020-05-07T09:53:59+00:00\",\"inLanguage\":\"fr-FR\",\"potentialAction\":[{\"@type\":\"ReadAction\",\"target\":[\"https:\/\/ho-pongo.bzh\/ar-roudouz\/urba\/solitude-a-5-doigts\/\"]}]}]}<\/script>\n<!-- \/ Yoast SEO plugin. -->","_links":{"self":[{"href":"https:\/\/ho-pongo.bzh\/ar-roudouz\/wp-json\/wp\/v2\/pages\/690"}],"collection":[{"href":"https:\/\/ho-pongo.bzh\/ar-roudouz\/wp-json\/wp\/v2\/pages"}],"about":[{"href":"https:\/\/ho-pongo.bzh\/ar-roudouz\/wp-json\/wp\/v2\/types\/page"}],"author":[{"embeddable":true,"href":"https:\/\/ho-pongo.bzh\/ar-roudouz\/wp-json\/wp\/v2\/users\/1"}],"replies":[{"embeddable":true,"href":"https:\/\/ho-pongo.bzh\/ar-roudouz\/wp-json\/wp\/v2\/comments?post=690"}],"version-history":[{"count":0,"href":"https:\/\/ho-pongo.bzh\/ar-roudouz\/wp-json\/wp\/v2\/pages\/690\/revisions"}],"up":[{"embeddable":true,"href":"https:\/\/ho-pongo.bzh\/ar-roudouz\/wp-json\/wp\/v2\/pages\/282"}],"wp:attachment":[{"href":"https:\/\/ho-pongo.bzh\/ar-roudouz\/wp-json\/wp\/v2\/media?parent=690"}],"curies":[{"name":"wp","href":"https:\/\/api.w.org\/{rel}","templated":true}]}}