{"id":904,"date":"2018-11-26T16:56:19","date_gmt":"2018-11-26T15:56:19","guid":{"rendered":"https:\/\/kervrac.fr\/?page_id=904"},"modified":"2019-03-13T16:56:52","modified_gmt":"2019-03-13T15:56:52","slug":"un-large-choix-de-produits-de-qualite","status":"publish","type":"page","link":"https:\/\/ho-pongo.bzh\/kervrac\/un-large-choix-de-produits-de-qualite\/","title":{"rendered":"Un large choix de produits locaux"},"content":{"rendered":"<p>Chez Ker&rsquo;Vrac vous trouverez tous les produits de base du quotidien, alimentaire, hygi\u00e8ne, m\u00e9nage. Nous nous effor\u00e7ons d&rsquo;apporter de la diversit\u00e9, tout en privil\u00e9giant des fournisseurs locaux. Que ce soit pour un approvisionnement hebdomadaire ou un impr\u00e9vu de derni\u00e8re minute, vous devriez pouvoir trouver \u00e0 vous satisfaire.<\/p>\n<p>Nous apportons une attention particuli\u00e8re \u00e0 la qualit\u00e9 de nos produits. Ils sont dans leur quasi-totalit\u00e9 biologiques. Mais en cherchant bien lors de vos achats, vous trouverez peut-\u00eatre une exception&#8230; locale. Nous favorisons aussi les produits de saison. Vous ne trouverez donc pas chez nous des fraises ou des tomates en d\u00e9cembre !<\/p>\n<h2>Les produits de base indispensables<\/h2>\n<div class=\"categ-produit\"><a href=\"https:\/\/kervrac.fr\/wp-content\/uploads\/2018\/12\/20181113_153053.jpg\"><img loading=\"lazy\" class=\"alignleft wp-image-924 size-thumbnail\" src=\"https:\/\/kervrac.fr\/wp-content\/uploads\/2018\/12\/20181113_153053-150x150.jpg\" alt=\"\" width=\"150\" height=\"150\" srcset=\"https:\/\/ho-pongo.bzh\/kervrac\/wp-content\/uploads\/2018\/12\/20181113_153053-150x150.jpg 150w, https:\/\/ho-pongo.bzh\/kervrac\/wp-content\/uploads\/2018\/12\/20181113_153053-300x300.jpg 300w, https:\/\/ho-pongo.bzh\/kervrac\/wp-content\/uploads\/2018\/12\/20181113_153053-768x768.jpg 768w, https:\/\/ho-pongo.bzh\/kervrac\/wp-content\/uploads\/2018\/12\/20181113_153053-75x75.jpg 75w, https:\/\/ho-pongo.bzh\/kervrac\/wp-content\/uploads\/2018\/12\/20181113_153053-600x600.jpg 600w, https:\/\/ho-pongo.bzh\/kervrac\/wp-content\/uploads\/2018\/12\/20181113_153053-100x100.jpg 100w, https:\/\/ho-pongo.bzh\/kervrac\/wp-content\/uploads\/2018\/12\/20181113_153053.jpg 800w\" sizes=\"(max-width: 150px) 100vw, 150px\" \/><\/a>Nos placards sont satur\u00e9s alors que parfois quelques produits de base indispensables suffisent. Tant pour l\u2019alimentation que pour le m\u00e9nage, ceux-ci interviennent dans la composition de produits plus \u00e9labor\u00e9s.<br \/>\nNotre s\u00e9lection d\u2019indispensables rassemble ce dont nous avons besoin au quotidien.<\/div>\n<h2>Les produits alimentaires<\/h2>\n<div class=\"categ-produit\"><a href=\"https:\/\/kervrac.fr\/wp-content\/uploads\/2018\/12\/20181129_114821.jpg\"><img loading=\"lazy\" class=\"wp-image-917 size-thumbnail alignleft\" src=\"https:\/\/kervrac.fr\/wp-content\/uploads\/2018\/12\/20181129_114821-150x150.jpg\" alt=\"Les produits alimentaire chez Ker'Vrac\" width=\"150\" height=\"150\" srcset=\"https:\/\/ho-pongo.bzh\/kervrac\/wp-content\/uploads\/2018\/12\/20181129_114821-150x150.jpg 150w, https:\/\/ho-pongo.bzh\/kervrac\/wp-content\/uploads\/2018\/12\/20181129_114821-300x300.jpg 300w, https:\/\/ho-pongo.bzh\/kervrac\/wp-content\/uploads\/2018\/12\/20181129_114821-768x768.jpg 768w, https:\/\/ho-pongo.bzh\/kervrac\/wp-content\/uploads\/2018\/12\/20181129_114821-75x75.jpg 75w, https:\/\/ho-pongo.bzh\/kervrac\/wp-content\/uploads\/2018\/12\/20181129_114821-600x600.jpg 600w, https:\/\/ho-pongo.bzh\/kervrac\/wp-content\/uploads\/2018\/12\/20181129_114821-100x100.jpg 100w, https:\/\/ho-pongo.bzh\/kervrac\/wp-content\/uploads\/2018\/12\/20181129_114821.jpg 800w\" sizes=\"(max-width: 150px) 100vw, 150px\" \/><\/a>Ker\u2019Vrac a s\u00e9lectionn\u00e9 pour vous une grande vari\u00e9t\u00e9 de produits alimentaires. Nous sommes all\u00e9s \u00e0 la rencontre de producteurs locaux afin de vous garantir la fra\u00eecheur et un impact carbone le plus faible possible. Les partenariats de confiance que nous avons li\u00e9s nous ont permis de choisir des produits bio, respectueux de notre sant\u00e9 et de notre environnement. N\u2019oublions pas que nos aliments, sont nos premiers m\u00e9dicaments\u2026<\/div>\n<h2>La cave<\/h2>\n<div class=\"categ-produit\"><a href=\"https:\/\/kervrac.fr\/wp-content\/uploads\/2018\/11\/IMG_20180929_105314.jpg\"><img loading=\"lazy\" class=\"alignleft wp-image-912 size-thumbnail\" src=\"https:\/\/kervrac.fr\/wp-content\/uploads\/2018\/11\/IMG_20180929_105314-150x150.jpg\" alt=\"\" width=\"150\" height=\"150\" srcset=\"https:\/\/ho-pongo.bzh\/kervrac\/wp-content\/uploads\/2018\/11\/IMG_20180929_105314-150x150.jpg 150w, https:\/\/ho-pongo.bzh\/kervrac\/wp-content\/uploads\/2018\/11\/IMG_20180929_105314-300x300.jpg 300w, https:\/\/ho-pongo.bzh\/kervrac\/wp-content\/uploads\/2018\/11\/IMG_20180929_105314-75x75.jpg 75w, https:\/\/ho-pongo.bzh\/kervrac\/wp-content\/uploads\/2018\/11\/IMG_20180929_105314-100x100.jpg 100w, https:\/\/ho-pongo.bzh\/kervrac\/wp-content\/uploads\/2018\/11\/IMG_20180929_105314.jpg 567w\" sizes=\"(max-width: 150px) 100vw, 150px\" \/><\/a>La cave et son contenu ont m\u00e9rit\u00e9 la plus grande attention. N\u2019est-ce pas \u00e0 cet endroit que l\u2019on archive ces liquides qui accompagneront les meilleurs repas, les tr\u00e9sors que le partagera avec les meilleurs amis ? La production de vin Bretagne est limit\u00e9e au Pays-Nantais. Pour plus de diversit\u00e9, nous avons accord\u00e9 notre confiance \u00e0 un n\u00e9gociant local. Sa fine connaissance des vignobles biologiques est l\u2019assurance d\u2019un choix raisonn\u00e9. Pour les bi\u00e8res, notre c\u0153ur s\u2019est port\u00e9 vers le bout du monde. Il \u00e9tait difficile de faire plus local\u2026<\/div>\n<h2>Les produits d&rsquo;hygi\u00e8ne et de bien-\u00eatre<\/h2>\n<div class=\"categ-produit\"><a href=\"https:\/\/kervrac.fr\/wp-content\/uploads\/2018\/12\/20181129_114716.jpg\"><img loading=\"lazy\" class=\"wp-image-920 size-thumbnail alignleft\" src=\"https:\/\/kervrac.fr\/wp-content\/uploads\/2018\/12\/20181129_114716-150x150.jpg\" alt=\"\" width=\"150\" height=\"150\" srcset=\"https:\/\/ho-pongo.bzh\/kervrac\/wp-content\/uploads\/2018\/12\/20181129_114716-150x150.jpg 150w, https:\/\/ho-pongo.bzh\/kervrac\/wp-content\/uploads\/2018\/12\/20181129_114716-300x300.jpg 300w, https:\/\/ho-pongo.bzh\/kervrac\/wp-content\/uploads\/2018\/12\/20181129_114716-768x768.jpg 768w, https:\/\/ho-pongo.bzh\/kervrac\/wp-content\/uploads\/2018\/12\/20181129_114716-75x75.jpg 75w, https:\/\/ho-pongo.bzh\/kervrac\/wp-content\/uploads\/2018\/12\/20181129_114716-600x600.jpg 600w, https:\/\/ho-pongo.bzh\/kervrac\/wp-content\/uploads\/2018\/12\/20181129_114716-100x100.jpg 100w, https:\/\/ho-pongo.bzh\/kervrac\/wp-content\/uploads\/2018\/12\/20181129_114716.jpg 800w\" sizes=\"(max-width: 150px) 100vw, 150px\" \/><\/a>Ker\u2019Vrac a s\u00e9lectionn\u00e9 pour vous un ensemble de produits d\u2019hygi\u00e8ne et de bien-\u00eatre naturels, respectueux de votre sant\u00e9 et de l\u2019environnement. Prenez soin de vous, prenez soin de votre corps et de votre famille. Une toilette z\u00e9ro d\u00e9chet, c\u2019est possible. Des solutions simples et efficaces existent pour cesser de faire d\u00e9border la poubelle de la salle de bain\u2026<\/div>\n<h2>L&rsquo;\u00e9quipement<\/h2>\n<div class=\"categ-produit\"><a href=\"https:\/\/kervrac.fr\/wp-content\/uploads\/2018\/12\/20181129_114853.jpg\"><img loading=\"lazy\" class=\"alignleft wp-image-921 size-thumbnail\" src=\"https:\/\/kervrac.fr\/wp-content\/uploads\/2018\/12\/20181129_114853-150x150.jpg\" alt=\"\" width=\"150\" height=\"150\" srcset=\"https:\/\/ho-pongo.bzh\/kervrac\/wp-content\/uploads\/2018\/12\/20181129_114853-150x150.jpg 150w, https:\/\/ho-pongo.bzh\/kervrac\/wp-content\/uploads\/2018\/12\/20181129_114853-300x300.jpg 300w, https:\/\/ho-pongo.bzh\/kervrac\/wp-content\/uploads\/2018\/12\/20181129_114853-768x768.jpg 768w, https:\/\/ho-pongo.bzh\/kervrac\/wp-content\/uploads\/2018\/12\/20181129_114853-75x75.jpg 75w, https:\/\/ho-pongo.bzh\/kervrac\/wp-content\/uploads\/2018\/12\/20181129_114853-600x600.jpg 600w, https:\/\/ho-pongo.bzh\/kervrac\/wp-content\/uploads\/2018\/12\/20181129_114853-100x100.jpg 100w, https:\/\/ho-pongo.bzh\/kervrac\/wp-content\/uploads\/2018\/12\/20181129_114853.jpg 800w\" sizes=\"(max-width: 150px) 100vw, 150px\" \/><\/a>Aller vers le z\u00e9ro d\u00e9chet ne se fera pas sans un bon \u00e9quipement. Choisissez vos outils pour fabriquer vos propres produits d\u2019entretien et d\u2019hygi\u00e8ne. G\u00e9rez vos achats et votre rangement en toute s\u00e9r\u00e9nit\u00e9 gr\u00e2ce \u00e0 des contenants adapt\u00e9s. Facilitez-vous la vie quotidienne en utilisant des objets multi-usages et con\u00e7us dans le respect de notre environnement.<br \/>\nNous avons s\u00e9lectionn\u00e9 des produits durables et alternatifs qui s\u2019imposeront face au tout jetable.<\/div>\n<h2>Les produits d&rsquo;entretien<\/h2>\n<div class=\"categ-produit\"><a href=\"https:\/\/kervrac.fr\/wp-content\/uploads\/2018\/12\/20181129_114924.jpg\"><img loading=\"lazy\" class=\"alignleft wp-image-922 size-thumbnail\" src=\"https:\/\/kervrac.fr\/wp-content\/uploads\/2018\/12\/20181129_114924-150x150.jpg\" alt=\"\" width=\"150\" height=\"150\" srcset=\"https:\/\/ho-pongo.bzh\/kervrac\/wp-content\/uploads\/2018\/12\/20181129_114924-150x150.jpg 150w, https:\/\/ho-pongo.bzh\/kervrac\/wp-content\/uploads\/2018\/12\/20181129_114924-300x300.jpg 300w, https:\/\/ho-pongo.bzh\/kervrac\/wp-content\/uploads\/2018\/12\/20181129_114924-768x768.jpg 768w, https:\/\/ho-pongo.bzh\/kervrac\/wp-content\/uploads\/2018\/12\/20181129_114924-75x75.jpg 75w, https:\/\/ho-pongo.bzh\/kervrac\/wp-content\/uploads\/2018\/12\/20181129_114924-600x600.jpg 600w, https:\/\/ho-pongo.bzh\/kervrac\/wp-content\/uploads\/2018\/12\/20181129_114924-100x100.jpg 100w, https:\/\/ho-pongo.bzh\/kervrac\/wp-content\/uploads\/2018\/12\/20181129_114924.jpg 800w\" sizes=\"(max-width: 150px) 100vw, 150px\" \/><\/a>Les produits d\u2019entretien sont indispensables dans la maison. Mais ils sont parfois dangereux et toxiques. Chez Ker\u2019Vrac, nous privil\u00e9gions des produits simples, r\u00e9put\u00e9s pour leur efficacit\u00e9. Fini les innombrables bidons dans les placards. Venez d\u00e9couvrir des produits qui assureront une propret\u00e9 et une hygi\u00e8ne incomparables \u00e0 votre int\u00e9rieur. R\u00e9curez du sol au plafond sans vous fatiguer tout en faisant des \u00e9conomies.<\/div>\n<h2>La librairie<\/h2>\n<div class=\"categ-produit\"><a href=\"https:\/\/kervrac.fr\/wp-content\/uploads\/2018\/12\/20181129_114611.jpg\"><img loading=\"lazy\" class=\"wp-image-919 size-thumbnail alignleft\" src=\"https:\/\/kervrac.fr\/wp-content\/uploads\/2018\/12\/20181129_114611-150x150.jpg\" alt=\"\" width=\"150\" height=\"150\" srcset=\"https:\/\/ho-pongo.bzh\/kervrac\/wp-content\/uploads\/2018\/12\/20181129_114611-150x150.jpg 150w, https:\/\/ho-pongo.bzh\/kervrac\/wp-content\/uploads\/2018\/12\/20181129_114611-300x300.jpg 300w, https:\/\/ho-pongo.bzh\/kervrac\/wp-content\/uploads\/2018\/12\/20181129_114611-768x768.jpg 768w, https:\/\/ho-pongo.bzh\/kervrac\/wp-content\/uploads\/2018\/12\/20181129_114611-75x75.jpg 75w, https:\/\/ho-pongo.bzh\/kervrac\/wp-content\/uploads\/2018\/12\/20181129_114611-600x600.jpg 600w, https:\/\/ho-pongo.bzh\/kervrac\/wp-content\/uploads\/2018\/12\/20181129_114611-100x100.jpg 100w, https:\/\/ho-pongo.bzh\/kervrac\/wp-content\/uploads\/2018\/12\/20181129_114611.jpg 800w\" sizes=\"(max-width: 150px) 100vw, 150px\" \/><\/a>Depuis quelques ann\u00e9es le z\u00e9ro d\u00e9chet passionne. De tr\u00e8s nombreux ouvrages sont disponibles.<\/div>\n<p>&nbsp;<\/p>\n","protected":false},"excerpt":{"rendered":"<p>Chez Ker&rsquo;Vrac vous trouverez tous les produits de base du quotidien, alimentaire, hygi\u00e8ne, m\u00e9nage. Nous nous effor\u00e7ons d&rsquo;apporter de la diversit\u00e9, tout en privil\u00e9giant des fournisseurs locaux. Que ce soit pour un approvisionnement hebdomadaire ou un impr\u00e9vu de derni\u00e8re minute, vous devriez pouvoir trouver \u00e0 vous satisfaire. Nous apportons une attention particuli\u00e8re \u00e0 la qualit\u00e9 de nos produits. Ils sont dans leur quasi-totalit\u00e9 biologiques. Mais en cherchant bien lors de vos achats, vous trouverez peut-\u00eatre une exception&#8230; locale. Nous favorisons aussi les produits de saison. Vous ne trouverez donc pas chez nous des fraises ou des tomates en d\u00e9cembre ! Les produits de base indispensables Nos placards sont satur\u00e9s alors que parfois quelques produits de base indispensables suffisent. Tant pour l\u2019alimentation que pour le m\u00e9nage, ceux-ci interviennent dans la composition de produits plus \u00e9labor\u00e9s. Notre s\u00e9lection d\u2019indispensables rassemble ce dont nous avons besoin au quotidien. Les produits alimentaires Ker\u2019Vrac a s\u00e9lectionn\u00e9 pour vous une grande vari\u00e9t\u00e9 de produits alimentaires. Nous sommes all\u00e9s \u00e0 la rencontre de producteurs locaux afin de vous garantir la fra\u00eecheur et un impact carbone le plus faible possible. Les partenariats de confiance que nous avons li\u00e9s nous ont permis de choisir des produits bio, respectueux de notre sant\u00e9 et de notre environnement. N\u2019oublions pas que nos aliments, sont nos premiers m\u00e9dicaments\u2026 La cave La cave et son contenu ont m\u00e9rit\u00e9 la plus grande attention. N\u2019est-ce pas \u00e0 cet endroit que l\u2019on archive ces liquides qui accompagneront les meilleurs repas, les tr\u00e9sors que le partagera avec les meilleurs amis ? La production de vin Bretagne est limit\u00e9e au Pays-Nantais. Pour plus de diversit\u00e9, nous avons accord\u00e9 notre confiance \u00e0 un n\u00e9gociant local. Sa fine connaissance des vignobles biologiques est l\u2019assurance d\u2019un choix raisonn\u00e9. Pour les bi\u00e8res, notre c\u0153ur s\u2019est port\u00e9 vers le bout du monde. Il \u00e9tait difficile de faire plus local\u2026 Les produits d&rsquo;hygi\u00e8ne et de bien-\u00eatre Ker\u2019Vrac a s\u00e9lectionn\u00e9 pour vous un ensemble de produits d\u2019hygi\u00e8ne et de bien-\u00eatre naturels, respectueux de votre sant\u00e9 et de l\u2019environnement. Prenez soin de vous, prenez soin de votre corps et de votre famille. Une toilette z\u00e9ro d\u00e9chet, c\u2019est possible. Des solutions simples et efficaces existent pour cesser de faire d\u00e9border la poubelle de la salle de bain\u2026 L&rsquo;\u00e9quipement Aller vers le z\u00e9ro d\u00e9chet ne se fera pas sans un bon \u00e9quipement. Choisissez vos outils pour fabriquer vos propres produits d\u2019entretien et d\u2019hygi\u00e8ne. G\u00e9rez vos achats et votre rangement en toute s\u00e9r\u00e9nit\u00e9 gr\u00e2ce \u00e0 des contenants adapt\u00e9s. Facilitez-vous la vie quotidienne en utilisant des objets multi-usages et con\u00e7us dans le respect de notre environnement. Nous avons s\u00e9lectionn\u00e9 des produits durables et alternatifs qui s\u2019imposeront face au tout jetable. Les produits d&rsquo;entretien Les produits d\u2019entretien sont indispensables dans la maison. Mais ils sont parfois dangereux et toxiques. Chez Ker\u2019Vrac, nous privil\u00e9gions des produits simples, r\u00e9put\u00e9s pour leur efficacit\u00e9. Fini les innombrables bidons dans les placards. Venez d\u00e9couvrir des produits qui assureront une propret\u00e9 et une hygi\u00e8ne incomparables \u00e0 votre int\u00e9rieur. R\u00e9curez du sol au plafond sans vous fatiguer tout en faisant des \u00e9conomies. La librairie Depuis quelques ann\u00e9es le z\u00e9ro d\u00e9chet passionne. De tr\u00e8s nombreux ouvrages sont disponibles. &nbsp;<\/p>\n","protected":false},"author":1,"featured_media":0,"parent":0,"menu_order":0,"comment_status":"closed","ping_status":"closed","template":"","meta":[],"_links":{"self":[{"href":"https:\/\/ho-pongo.bzh\/kervrac\/wp-json\/wp\/v2\/pages\/904"}],"collection":[{"href":"https:\/\/ho-pongo.bzh\/kervrac\/wp-json\/wp\/v2\/pages"}],"about":[{"href":"https:\/\/ho-pongo.bzh\/kervrac\/wp-json\/wp\/v2\/types\/page"}],"author":[{"embeddable":true,"href":"https:\/\/ho-pongo.bzh\/kervrac\/wp-json\/wp\/v2\/users\/1"}],"replies":[{"embeddable":true,"href":"https:\/\/ho-pongo.bzh\/kervrac\/wp-json\/wp\/v2\/comments?post=904"}],"version-history":[{"count":10,"href":"https:\/\/ho-pongo.bzh\/kervrac\/wp-json\/wp\/v2\/pages\/904\/revisions"}],"predecessor-version":[{"id":973,"href":"https:\/\/ho-pongo.bzh\/kervrac\/wp-json\/wp\/v2\/pages\/904\/revisions\/973"}],"wp:attachment":[{"href":"https:\/\/ho-pongo.bzh\/kervrac\/wp-json\/wp\/v2\/media?parent=904"}],"curies":[{"name":"wp","href":"https:\/\/api.w.org\/{rel}","templated":true}]}}